= -3*j - 192. Suppose 5*f - l = -3*w + 4, w = 3*f + 18. Let v = w + 35. What are the prime factors of v?
2, 7
Suppose -6*r - 21 = 3. Let j = r + 61. List the prime factors of j.
3, 19
Suppose -5*w + 24 = 9. Suppose 2*s - 50 = w*t + 9, 15 = -3*s. Let y = t + 32. What are the prime factors of y?
3
Suppose 5*c - 1 = 3*s, 5*c = 5*s - 4 - 1. List the prime factors of 10 - s/(6 - 3).
3
Suppose -57 = -4*a + 3*y, 0 = a - 6*y + 4*y - 13. Suppose -2*c + 7*c - a = 0. Suppose 0*j + c*j = 63. What are the prime factors of j?
3, 7
What are the prime factors of (10/(-8) + (-11)/44)*-178?
3, 89
Let o = -37 + 62. Suppose -o = -5*c - 0*c. Suppose -3*z + 10 + c = 0. What are the prime factors of z?
5
List the prime factors of 2/9 - ((-3751660)/90)/22.
5, 379
Let t be -113 - (2/2 - -2). Let z be (t/(-6))/(9/(-27)). Let j = 93 + z. List the prime factors of j.
5, 7
Suppose 15 = -4*s - 85. Let c = 89 + s. What are the prime factors of c?
2
Let u be (-3 - -4 - 0) + -6. Suppose 2*y + y = 21. List the prime factors of (10/y)/(u/(-35)).
2, 5
Let q = -17 - -22. Suppose -n = -2*r + 17 + 40, -147 = -q*r + 4*n. List the prime factors of r.
3
What are the prime factors of (-2)/17 + (-2091850)/(-578)?
7, 11, 47
Let z(x) = 28*x**2 - 38*x - 235. List the prime factors of z(-9).
5, 19
Let m(p) = 14*p**2 + 9*p - 16. List the prime factors of m(4).
2, 61
Let r(g) = 141*g**2 + 1. Let w be r(-1). Let q = -356 + 359. Suppose q*n - 2*k = w, 2*n + 3*k + 0*k = 99. What are the prime factors of n?
2, 3
Suppose 15*q + 2*q = 4437. What are the prime factors of q?
3, 29
Suppose -31*y - 8490 = -41*y. What are the prime factors of y?
3, 283
Suppose -3*o + o + 6 = 0, 2*m - 3*o - 1 = 0. What are the prime factors of m + (-3 - -2) - (1 - 310)?
313
Suppose 0 = -17*z + 9*z + 7216. What are the prime factors of z?
2, 11, 41
Let q(v) = v**2 - 3*v - 6. Let b be q(5). Suppose -o + b*o = 1182. What are the prime factors of o/26 + 4/(-26)?
3, 5
Let j be (4/6)/(4/246). Suppose 5*s = 4*r + 325, -4*r + j = s - 0*r. List the prime factors of s.
61
Let z(q) = -3*q**3 - 8*q**2 + 15*q - 9. Let u(c) = -16*c**3 - 39*c**2 + 75*c - 45. Let h(o) = -2*u(o) + 11*z(o). What are the prime factors of h(-12)?
3, 11
Let z(h) = 7*h**3 - 4*h**2 + 16. Let j(u) = 6*u**3 - 5*u**2 - u + 16. Let o(x) = -6*j(x) + 5*z(x). List the prime factors of o(7).
173
Let u(z) = z**2 + 11*z + 17. Let k be u(-9). Let w be k/(2 + (-12)/8). What are the prime factors of 39*(4/w + 3)?
3, 13
Let i = 24 + -25. List the prime factors of (-3)/(-1) + i + (73 - -3).
2, 3, 13
Let l be 2/6 + 26/(-6). Let i(g) = -2*g**3 - 4*g**2 - 4*g - 10. What are the prime factors of i(l)?
2, 5, 7
Let g(v) = 73*v**2 - 15*v - 34. List the prime factors of g(-4).
2, 3, 199
Suppose -8*o + 12*o - 2882 = -2*c, 0 = -3*o - c + 2162. List the prime factors of o.
7, 103
Let z = 13931 + -9612. What are the prime factors of z?
7, 617
Let j be (1 - (-3 + 3)) + 6. Let n be ((-1)/(-3))/(j/105). Suppose -n*s + 67 = 4*u - 2*s, u - 3*s = -2. What are the prime factors of u?
13
Suppose -12*g + 10745 = -43. List the prime factors of g.
29, 31
Suppose -441 - 87 = -4*b. Suppose -l = l - b. What are the prime factors of l?
2, 3, 11
List the prime factors of (-12 - -533) + 1*(0 + 3).
2, 131
Let f = -33 - -27. List the prime factors of (-18)/(f/(-3))*(-2 - 1).
3
Let r = 12 - 7. Suppose -r*c + 2*p + 25 = 0, -8 = 5*p + 17. Suppose -c*q - 3*l + 30 = -0*q, l - 21 = -2*q. List the prime factors of q.
11
Suppose 5*i = -4*b + 4*i + 407, b + i = 101. Let a = b + -156. Let u = -16 - a. List the prime factors of u.
2, 19
Let z(h) = 2*h + 7*h - h**2 + 3 + 1 + 0. Let p be z(5). Suppose -3*i + 3 + 3 = 0, -2*w - 3*i + p = 0. List the prime factors of w.
3
Let f(d) = -2*d**3 + 6*d**3 - 3*d**3 + 146 + d**2. List the prime factors of f(0).
2, 73
Suppose 3*o - 5*u = -0*o + 38, -o + 4*u = -22. Suppose 0*b - o*b = -1338. What are the prime factors of b?
223
Suppose 4*j + 12 = 3*u, -4*j - 5*u = 47 - 3. Let o be 200/12*j/(-5). Let r = o - 3. What are the prime factors of r?
17
Let i(a) = 31*a**2 + 30*a - 2. Let s be i(-4). Suppose -10*b + 8*b = -s. List the prime factors of b.
11, 17
Let q be (-4)/6 - 18396/(-54). Suppose -5*b + q = -5*r, 5*b - 347 = 4*r - 9. What are the prime factors of b?
2, 3, 11
Let b(p) = -p - 1. Let u(x) = -x**2 + 13*x - 3. Let o(w) = -4*b(w) + u(w). List the prime factors of o(7).
71
Suppose -3*q + 5*l = 4*l + 185, -l = 4. Let t = -9 - q. Let y = t + -27. List the prime factors of y.
3
Let v(k) be the third derivative of k**5/60 - 3*k**4/8 + 3*k**3 - k**2. What are the prime factors of v(9)?
2, 3
Suppose -2*h = -3*h + 2. Let i(o) = 5*o**3 - 3*o**2 - 2*o**h + 5*o**2. List the prime factors of i(2).
2, 5
Let d(k) = 96*k + 28. List the prime factors of d(5).
2, 127
Suppose -1577 = -5*y + 593. Suppose -11*x + 281 = -y. List the prime factors of x.
5, 13
Suppose 1813*z = 1815*z - 702. List the prime factors of z.
3, 13
Let z = 160 - -154. What are the prime factors of z?
2, 157
Let l = -42 - -33. Let o(p) = p**2 + 5*p + 2. What are the prime factors of o(l)?
2, 19
Let l = -361 + 622. List the prime factors of l.
3, 29
Let t = -20 + 22. Suppose 0 = -4*w + t*n + 205 + 47, -2*n + 236 = 4*w. List the prime factors of w.
61
Suppose -2*z - 6 = -0*z. Let s be z/(-3 + 128/44). Suppose -r + s = -1. What are the prime factors of r?
2, 17
Suppose 4*b + 8 + 32 = 0. Let x be 276/10 - (-6)/b. Suppose 3*n - 150 - x = 0. List the prime factors of n.
59
Suppose 3*d - 2470 = -7*h + 11*h, -4*d + 3286 = 2*h. What are the prime factors of d?
2, 3, 137
Let w be (7 - 1)/(((-2)/3)/2). Let r = 38 + w. What are the prime factors of r?
2, 5
Let p(k) = 27*k**2 - 3*k - 9. What are the prime factors of p(6)?
3, 5, 7
Let w(p) = -p**3 + 10*p**2 + 5*p + 6. Let o be w(11). Let m = -52 - o. List the prime factors of m.
2
Suppose -3*h - 20 = h. Let t(v) = 6*v - 22. Let b(w) = 3*w - 11. Let s(p) = 5*b(p) - 3*t(p). List the prime factors of s(h).
2, 13
Let z(o) = 3*o**2 - 14*o - 21. Let j be z(14). Let s = 572 - j. List the prime factors of s.
3, 67
Let i be -1 - 0 - (-1 - 210). Suppose 0 = -3*d + 3*l - i, d + 33 = -3*l - 21. Let y = d + 96. What are the prime factors of y?
2, 3, 5
Suppose -10 = -3*v - 1. Suppose -v*o = -o - 56. What are the prime factors of o?
2, 7
Let d be -1*1/(-2) + (-2)/(-4). List the prime factors of (-1 - (-100)/(-3))/(d/(-3)).
103
Suppose -o = 3*o - 12. Suppose 0 = -2*i + 4*t + 120, -4*t + 23 = -o*i + 205. What are the prime factors of i?
2, 31
Let y = 857 + 1098. List the prime factors of y.
5, 17, 23
Let o = 37 - 37. Suppose -5*s - 3*s + 40 = o. List the prime factors of s.
5
Let w(d) = 35*d**2 - 58*d + 439. List the prime factors of w(7).
2, 19, 23
List the prime factors of ((-19)/2)/((-3)/30).
5, 19
Suppose -3*a - 4*u + 1331 = 234, 0 = -3*a + u + 1117. Let v = a - 201. Let f = v + -114. What are the prime factors of f?
2, 7
Let p be -205 + 1 + 10/(-5). Let r = p + 313. List the prime factors of r.
107
Let d(t) = 5*t - 9 + 0*t**2 + t - t**2 + 4*t. Suppose 0 = -3*j + 5*x - 7, -5*j + j - 1 = -5*x. What are the prime factors of d(j)?
3, 5
Let t be (-62700)/231 - (-3)/7. Let s = t + 527. What are the prime factors of s?
2
Let a(b) = 9*b - 14. Let g(n) = 10*n - 15. Let v(p) = 5*a(p) - 4*g(p). Suppose 3*u = 9 + 3. What are the prime factors of v(u)?
2, 5
Let g = 1117 + -656. What are the prime factors of (-6)/27 + g/9?
3, 17
Suppose -3*i = -2*j + 1248, -59*j - 2*i = -61*j + 1252. List the prime factors of j.
2, 3, 5, 7
Let s(x) = -2*x**3 + 80*x**2 + 16*x - 13. List the prime factors of s(40).
3, 11, 19
Let x = -6062 + 11870. List the prime factors of x.
2, 3, 11
Suppose 3*u + 48 = 5*u. Let q = 30 + u. List the prime factors of q.
2, 3
Suppose -3*z = -4*q + 336, -41 = z + 5*q + 71. Let g = 205 + z. List the prime factors of ((-6)/18)/((-1)/g).
31
Suppose 14 = -v - 5*n - 5, -v = 3*n + 21. What are the prime factors of 9*1/(-4)*v?
2, 3
Let p be (-115)/(-23)*1/((-10)/24). Let u(t) = -t**2 - 16*t - 23. What are the prime factors of u(p)?
5
Let c = -963 - -1410. List the prime factors of c.
3, 149
Suppose -3*j + 7 = -2*j. Suppose 60 = j*y - y. What are the prime factors of y?
2, 5
Let l(c) be the second derivative of -c**4/12 - c**3 - c**2/2 + 2*c. Let s be l(-4). Suppose -s*a + 2*a + 240 = 0. What are the pr